ided by 47.
31
Let b be -3*(2/6 - 2). Let n = 10 + -6. Calculate the remainder when b/(2 + (-6)/4) is divided by n.
2
Let q = 205 - 176. Let h = -10 + 96. What is the remainder when h is divided by q?
28
Suppose 0*n + 3 = n. Let r be (-6)/4 - 1791/72*-4. Let z = 100 - r. What is the remainder when n is divided by z?
1
Let y(a) = -109*a**3 - a**2 - a. Let b be y(-1). Let i = -63 + b. Calculate the remainder when i is divided by (48/15)/(3/15).
14
Suppose 0 = -3*c + 2*a - 45 + 427, -5*a = -20. Calculate the remainder when 355 is divided by c.
95
Suppose 61*d - 34*d - 378 = 0. What is the remainder when 96 is divided by d?
12
Suppose -20*c - 208 = -33*c. What is the remainder when 265 is divided by c?
9
Let l(c) = 2*c + 0*c + 5*c**3 - 7*c**3 + 3*c**3 - 16 + 8*c**2. What is the remainder when l(-7) is divided by 11?
8
Let d = 1417 + -1318. Calculate the remainder when 790 is divided by d.
97
Let y = 0 - -3. Suppose -y = -4*v + 5. What is the remainder when 3 - -1 - (-7 + 8) is divided by v?
1
Let k be (-2)/3*(-2 - 52). Suppose -z = -16 - 4. Let w = k - z. Calculate the remainder when 95 is divided by w.
15
Suppose -83 = -3*j + 5*v, j + j = -4*v + 48. Calculate the remainder when 284 is divided by j.
24
Let b(h) = -h**2 - 5*h - 3. Let l be b(-3). Let n = 1 + l. Suppose x - n*p = -4, x + 5*p = 5*x - 17. Calculate the remainder when x is divided by 5.
3
Let n = 8 + -5. Suppose n*s = 4*y + 34, 5*s + 3*y + 2 - 20 = 0. Calculate the remainder when (-4)/(-32) + 20/96*105 is divided by s.
4
Let v = 390 + -355. Calculate the remainder when 279 is divided by v.
34
Suppose -2*b = 24 - 170. Suppose 3*d - v = -0*d + 45, 3*v - b = -4*d. What is the remainder when d is divided by 3?
1
What is the remainder when (-57)/(-5)*(-3550)/(-213) is divided by 30?
10
Suppose 4*n - 123 = -2*g + 309, 3*n - 326 = -2*g. What is the remainder when n is divided by 37?
32
Suppose 0 = -4*z + z + 9. Suppose -z*f - 4*h = -594, 2*f + 4*h - 9*h = 419. Calculate the remainder when f is divided by 51.
49
Suppose -w = -4 + 3, w = 3*s - 26. Let a = -90 + 130. Calculate the remainder when s is divided by ((-12)/(-10))/(16/a).
0
Suppose 0 = 18*u - 28*u + 30. Calculate the remainder when 21 is divided by u.
0
Suppose -39*p + 33*p = -228. Suppose 0 = -4*m + p + 82. What is the remainder when 89 is divided by m?
29
Let r(z) = -z + 6. Let d be r(0). Suppose 56 = 5*b - 4*f, 2*f - 9 = -2*b - 1. What is the remainder when b is divided by (d/4)/((-9)/(-18))?
2
Let u = -304 + 345. What is the remainder when 366 is divided by u?
38
Suppose 0 = -247*t + 251*t - 24. What is the remainder when 13 is divided by t?
1
Let n = 35 - 17. Suppose 5*b = -5*r + 555, 4*r = 5*b - 370 - 149. Calculate the remainder when b is divided by n.
17
Calculate the remainder when 30 is divided by (-30)/(-195) + -3 + 1344/52.
7
Suppose -63*h = -37*h - 3692. What is the remainder when h is divided by 29?
26
Suppose -2*a - 6*q = -q - 28, 0 = -4*a + 2*q + 32. Let x(t) = -7 + t - 3*t + a*t. Calculate the remainder when x(6) is divided by 12.
11
Suppose -y = 1 + 18. Let c(g) = g**2 + 8*g - 10. Calculate the remainder when c(y) is divided by 25.
24
Suppose 3*v = 5*t + 4*v - 152, v = 4*t - 127. Let o = 50 - t. What is the remainder when o is divided by 5?
4
Let s(z) = -z**3 - 6*z**2 + 25*z + 75. Suppose 0*q - 3*q + 51 = 0. Calculate the remainder when q is divided by s(-8).
2
Suppose 0 = 252*v - 256*v + 28. Calculate the remainder when 10 is divided by v.
3
Suppose -5*a + 2*a + 1401 = 0. Suppose 0 = 3*b - 5*o - a, -b = -3*o - 0*o - 157. What is the remainder when b is divided by 12?
10
Suppose 0 = 2*w - w. Suppose w*r - 42 = -2*r. What is the remainder when 81/2 - (-1)/(-2)*3 is divided by r?
18
Suppose -9 = -3*f, 2*a = 2*f - 3*f + 33. Suppose j = -2*d, 5*j + 5*d = -0*d - a. Calculate the remainder when 50 is divided by 3/j*-34*1.
16
Let l be (0 - -2)/(4/(-12)) + -1. Let c(n) = -n**3 - 5*n**2 + 11*n + 9. Calculate the remainder when 118 is divided by c(l).
28
Calculate the remainder when 320 is divided by 404/12*3 - (-4 - 3).
104
Suppose 638*s = 633*s + 1065. What is the remainder when s is divided by 18?
15
Let c = 313 + -20. What is the remainder when c is divided by 89?
26
Let z = 53 + 11. Suppose 0 = 4*p - 175 + 39. What is the remainder when z is divided by p?
30
Suppose -108 = -7*p - 10. Suppose -2*m = -3*m + 34. Suppose m = z - 21. What is the remainder when z is divided by p?
13
Calculate the remainder when 137 is divided by ((-21)/15)/((130/(-150))/13).
11
Suppose 0 = -2*h - 5*j + 76 + 87, 0 = -4*h + 4*j + 256. Calculate the remainder when h is divided by 5.
4
Suppose o + 7*c - 8*c = 14, -5*o + 54 = -c. Suppose -m - o*m = -176. What is the remainder when m is divided by 2?
0
Let g = -508 + 537. Calculate the remainder when 108 is divided by g.
21
Let i(p) = -p**3 + 2*p**2 + 5*p - 2. Let m be i(3). Suppose 0 = r + 1, -4*g + 5*r + 1 = m. Calculate the remainder when (3 - (8 - 3))/g is divided by 1.
0
Let l = 122 + -85. Suppose -27*w - 9*w + 2*w = -6222. What is the remainder when w is divided by l?
35
Suppose 3*f = -2*f + g, 2*g - 6 = 4*f. Suppose 0 = -b - c + 189 - 188, 0 = -b + 4*c + 16. What is the remainder when b is divided by f?
0
Suppose 0 = 5*h + 5*f - 5, 14 - 9 = 5*h + 4*f. What is the remainder when h is divided by 1?
0
What is the remainder when 955 is divided by -1 + (-35)/(-25) + (-396)/(-10)?
35
Suppose -3*w - 8 = -5*w. Suppose 5*d = -2*x + 2, -3*x - w*d - 5 = -2*x. What is the remainder when 42 is divided by x?
9
Let t = -54 - -63. Let h(o) = -5*o + 4. Let v be (12/(-10))/((-12)/(-40)). Calculate the remainder when h(v) is divided by t.
6
Let g(k) = 3*k - 15. Let z be g(6). Suppose 45 = 5*m + 5*l, z*m - l - 32 = -5*l. Calculate the remainder when 15 is divided by m.
3
Let g(i) = -2*i - 9. Let w be g(3). Let r = 98 + w. Calculate the remainder when r is divided by 21.
20
Let g = 185 - 171. Suppose 0 = 3*h + 2*h - 25. What is the remainder when g is divided by h?
4
Let p(g) = -g**2 + 12*g - 9. Calculate the remainder when 360 is divided by p(10).
8
Suppose 4*w + 3*x - 179 = 0, -w = 5*x + 10 - 76. Calculate the remainder when w is divided by (27 - 16/4)*(2 - 1).
18
Suppose 80 = 6*x - 52. What is the remainder when x is divided by 19?
3
Let d be 358/(-4) + (-10)/(160/(-24)). Let n = 121 + d. What is the remainder when 95 is divided by n?
29
Suppose -3*z + 0*z = -k - 194, 5*z - 290 = -5*k. Suppose o = -o - a - z, -o - 4*a - 35 = 0. Let c = o - -47. What is the remainder when 45 is divided by c?
13
Let u(a) = 34*a**2 + 2*a - 2. Calculate the remainder when 131 is divided by u(1).
29
Let a = -325 + 216. Let k = a - -126. Let r(y) = y + 66. Calculate the remainder when r(0) is divided by k.
15
Suppose -7*s + 327 = -247. Calculate the remainder when s is divided by 28.
26
Suppose -388 = 3*z - 5*g, -5*z = -4*g + g + 620. What is the remainder when z/(-7) + 0 - 46/161 is divided by (-74)/(-8) + (-2)/8?
8
Suppose -5*s + s + 4 = 0. Suppose -4*f - s = -5. Let t = 12 + f. What is the remainder when 38 is divided by t?
12
Suppose 2*c - f + 3*f = 24, 3*c - 3*f - 6 = 0. Suppose c*x - 112 + 21 = 0. What is the remainder when 49 is divided by x?
10
Suppose 0 = -25*x + 4*x + 231. Let r(n) = -n. Let m(b) = -2*b. Let z(l) = 3*m(l) - 7*r(l). Calculate the remainder when 41 is divided by z(x).
8
Suppose 20 = 6*d - d. Suppose 22 = -2*f + d*f. What is the remainder when 31 is divided by f?
9
Suppose 9*p - 14*p = 0. Suppose 2*i - 178 - 6 = p. Suppose 38 = -2*s + 4*s. Calculate the remainder when i is divided by s.
16
Let g(j) = j**2 + 5*j + 1. Let r be g(-5). Let s = 3 - r. Calculate the remainder when 24 is divided by (72/(-32))/(s/(-8)).
6
Let l(f) = f**3 - 6*f**2 - 22*f + 42. What is the remainder when l(9) is divided by 13?
9
Suppose -3*k - 35 = -8*k. Suppose -3*s + 19 - 4 = 0. Let i = s - -15. Calculate the remainder when i is divided by k.
6
Let p(j) = 7*j**2 - 2*j. Let s be p(2). Suppose -6 = -3*k, 3*m - 2*k + 6 = -25. Let a = m + s. What is the remainder when 44 is divided by a?
14
Let u(x) = -2*x**3 + 27*x**2 + 2*x - 9. Calculate the remainder when u(13) is divided by 11.
10
Let z(t) = -t - 7. Let j be z(-10). Suppose 4*q + 6 = 2*f, j*q = f + 3 - 6. Let h(u) = -u**3 + 4*u**2 + u - 4. What is the remainder when h(f) is divid